{"id":17,"date":"2019-02-26T12:39:19","date_gmt":"2019-02-26T12:39:19","guid":{"rendered":"https:\/\/www.spiekeroog-auszeit.de\/?page_id=17"},"modified":"2021-03-07T17:57:40","modified_gmt":"2021-03-07T16:57:40","slug":"test-startseite","status":"publish","type":"page","link":"https:\/\/www.spiekeroog-auszeit.de\/","title":{"rendered":"Willkommen&#8230;"},"content":{"rendered":"\n<p class=\"has-medium-font-size\">&#8230;auf der wundersch\u00f6nen Insel Spiekeroog und in unserer gem\u00fctlichen Ferienwohnung.<\/p>\n\n\n\n<p class=\"has-medium-font-size\">Herzliche Gr\u00fc\u00dfe von Familie Winnesberg<\/p>\n\n\n\n<div class=\"wp-block-group\"><div class=\"wp-block-group__inner-container is-layout-flow wp-block-group-is-layout-flow\">\n<div class=\"wp-block-image\"><figure class=\"aligncenter size-large is-resized\"><a href=\"https:\/\/www.facebook.com\/SpiekeroogAuszeit\"><img loading=\"lazy\" decoding=\"async\" src=\"https:\/\/www.spiekeroog-auszeit.de\/wp-content\/uploads\/2021\/03\/official-facebook-logo-icon-28.png\" alt=\"\" class=\"wp-image-400\" width=\"50\" height=\"50\" srcset=\"https:\/\/www.spiekeroog-auszeit.de\/wp-content\/uploads\/2021\/03\/official-facebook-logo-icon-28.png 512w, https:\/\/www.spiekeroog-auszeit.de\/wp-content\/uploads\/2021\/03\/official-facebook-logo-icon-28-300x300.png 300w, https:\/\/www.spiekeroog-auszeit.de\/wp-content\/uploads\/2021\/03\/official-facebook-logo-icon-28-150x150.png 150w, https:\/\/www.spiekeroog-auszeit.de\/wp-content\/uploads\/2021\/03\/official-facebook-logo-icon-28-100x100.png 100w\" sizes=\"auto, (max-width: 50px) 100vw, 50px\" \/><\/a><\/figure><\/div>\n<\/div><\/div>\n\n\n\n<div class=\"wp-block-group\"><div class=\"wp-block-group__inner-container is-layout-flow wp-block-group-is-layout-flow\">\n<div class=\"wp-block-image\"><figure class=\"aligncenter size-large is-resized\"><a href=\"https:\/\/www.instagram.com\/spiekeroogauszeit\/\"><img loading=\"lazy\" decoding=\"async\" src=\"https:\/\/www.spiekeroog-auszeit.de\/wp-content\/uploads\/2021\/03\/insta.png\" alt=\"\" class=\"wp-image-401\" width=\"50\" height=\"50\" srcset=\"https:\/\/www.spiekeroog-auszeit.de\/wp-content\/uploads\/2021\/03\/insta.png 1000w, https:\/\/www.spiekeroog-auszeit.de\/wp-content\/uploads\/2021\/03\/insta-300x300.png 300w, https:\/\/www.spiekeroog-auszeit.de\/wp-content\/uploads\/2021\/03\/insta-150x150.png 150w, https:\/\/www.spiekeroog-auszeit.de\/wp-content\/uploads\/2021\/03\/insta-768x768.png 768w, https:\/\/www.spiekeroog-auszeit.de\/wp-content\/uploads\/2021\/03\/insta-100x100.png 100w\" sizes=\"auto, (max-width: 50px) 100vw, 50px\" \/><\/a><\/figure><\/div>\n\n\n\n<p><\/p>\n<\/div><\/div>\n\n\n\n<p><\/p>\n","protected":false},"excerpt":{"rendered":"<p>&#8230;auf der wundersch\u00f6nen Insel Spiekeroog und in unserer gem\u00fctlichen Ferienwohnung. Herzliche Gr\u00fc\u00dfe von Familie Winnesberg<\/p>\n","protected":false},"author":1,"featured_media":0,"parent":0,"menu_order":0,"comment_status":"closed","ping_status":"closed","template":"","meta":{"footnotes":""},"class_list":["post-17","page","type-page","status-publish","hentry"],"_links":{"self":[{"href":"https:\/\/www.spiekeroog-auszeit.de\/index.php?rest_route=\/wp\/v2\/pages\/17","targetHints":{"allow":["GET"]}}],"collection":[{"href":"https:\/\/www.spiekeroog-auszeit.de\/index.php?rest_route=\/wp\/v2\/pages"}],"about":[{"href":"https:\/\/www.spiekeroog-auszeit.de\/index.php?rest_route=\/wp\/v2\/types\/page"}],"author":[{"embeddable":true,"href":"https:\/\/www.spiekeroog-auszeit.de\/index.php?rest_route=\/wp\/v2\/users\/1"}],"replies":[{"embeddable":true,"href":"https:\/\/www.spiekeroog-auszeit.de\/index.php?rest_route=%2Fwp%2Fv2%2Fcomments&post=17"}],"version-history":[{"count":9,"href":"https:\/\/www.spiekeroog-auszeit.de\/index.php?rest_route=\/wp\/v2\/pages\/17\/revisions"}],"predecessor-version":[{"id":402,"href":"https:\/\/www.spiekeroog-auszeit.de\/index.php?rest_route=\/wp\/v2\/pages\/17\/revisions\/402"}],"wp:attachment":[{"href":"https:\/\/www.spiekeroog-auszeit.de\/index.php?rest_route=%2Fwp%2Fv2%2Fmedia&parent=17"}],"curies":[{"name":"wp","href":"https:\/\/api.w.org\/{rel}","templated":true}]}}